{"id":27,"date":"2021-08-14T16:42:17","date_gmt":"2021-08-14T16:42:17","guid":{"rendered":"https:\/\/mitvorteil.de\/?page_id=27"},"modified":"2021-10-15T11:50:25","modified_gmt":"2021-10-15T11:50:25","slug":"podcast_wo_wir_klauen","status":"publish","type":"page","link":"https:\/\/mitvorteil.de\/index.php\/podcast_wo_wir_klauen\/","title":{"rendered":"Podcast"},"content":{"rendered":"<p><span style=\"font-weight: 400;\">Du baust gerade eine Fantasywelt voller Abenteuer und cooler Leuter und dir will einfach nicht einfallen, wo du die Ideen daf\u00fcr hernehmen sollst? Keine Panik! \u201cWo Wir Klauen\u201d versorgt dich jeden Monat mit frischen Ideen f\u00fcr Abenteuer, Charaktere und ganze Welten! nacchi, Pete und manchmal auch G\u00e4ste klauen die besten Ideen bei Comics, Videospielen, Serien, Literatur, Musik, Kunst und Naturdokus extra f\u00fcr dich! Wo Wir Klauen ist ein D&D und Rollenspiel Podcast auf Deutsch. Unser Ziel ist es, besonders spannende Ideen hervor zu heben und dabei m\u00f6glichst Quellen jenseits des Mainstreams anzuzapfen.<\/span><br \/>\n<script class=\"podlove-subscribe-button\" src=\"https:\/\/player.podigee-cdn.net\/subscribe-button\/javascripts\/app.js\" data-json-url=\"https:\/\/mitvorteil.podigee.io\/embed\/subscribe_button?context=external\"><\/script><br \/>\n<span style=\"font-weight: 400;\">Selbstverst\u00e4ndlich wird die Beute fair geteilt, weshalb wir regelm\u00e4\u00dfig Zuschriften aus der Community vorlesen. Schreib uns deine Inspirationsquellen in die Podcast-Kommentare oder schick uns eine Mail an mitvorteil [\u00e4t] gmail [PONKT] com<\/span><br \/>\n<script class=\"podigee-podcast-player\" src=\"https:\/\/player.podigee-cdn.net\/podcast-player\/javascripts\/podigee-podcast-player.js\" data-configuration=\"https:\/\/mitvorteil.podigee.io\/embed?context=external\"><\/script><\/p>\n","protected":false},"excerpt":{"rendered":"<p>Du baust gerade eine Fantasywelt voller Abenteuer und cooler Leuter und dir will einfach nicht einfallen, wo du die Ideen daf\u00fcr hernehmen sollst? Keine Panik! \u201cWo Wir Klauen\u201d versorgt dich jeden Monat mit frischen Ideen f\u00fcr Abenteuer, Charaktere und ganze Welten! nacchi, Pete und manchmal auch G\u00e4ste klauen die besten Ideen bei Comics, Videospielen, Serien, [&hellip;]<\/p>\n","protected":false},"author":1,"featured_media":0,"parent":0,"menu_order":0,"comment_status":"closed","ping_status":"closed","template":"","meta":{"_seopress_robots_primary_cat":"","_seopress_titles_title":"","_seopress_titles_desc":"","_seopress_robots_index":"","site-sidebar-layout":"default","site-content-layout":"","ast-site-content-layout":"default","site-content-style":"default","site-sidebar-style":"default","ast-global-header-display":"","ast-banner-title-visibility":"","ast-main-header-display":"","ast-hfb-above-header-display":"","ast-hfb-below-header-display":"","ast-hfb-mobile-header-display":"","site-post-title":"","ast-breadcrumbs-content":"","ast-featured-img":"","footer-sml-layout":"","ast-disable-related-posts":"","theme-transparent-header-meta":"","adv-header-id-meta":"","stick-header-meta":"","header-above-stick-meta":"","header-main-stick-meta":"","header-below-stick-meta":"","astra-migrate-meta-layouts":"default","ast-page-background-enabled":"default","ast-page-background-meta":{"desktop":{"background-color":"var(--ast-global-color-4)","background-image":"","background-repeat":"repeat","background-position":"center center","background-size":"auto","background-attachment":"scroll","background-type":"","background-media":"","overlay-type":"","overlay-color":"","overlay-opacity":"","overlay-gradient":""},"tablet":{"background-color":"","background-image":"","background-repeat":"repeat","background-position":"center center","background-size":"auto","background-attachment":"scroll","background-type":"","background-media":"","overlay-type":"","overlay-color":"","overlay-opacity":"","overlay-gradient":""},"mobile":{"background-color":"","background-image":"","background-repeat":"repeat","background-position":"center center","background-size":"auto","background-attachment":"scroll","background-type":"","background-media":"","overlay-type":"","overlay-color":"","overlay-opacity":"","overlay-gradient":""}},"ast-content-background-meta":{"desktop":{"background-color":"var(--ast-global-color-5)","background-image":"","background-repeat":"repeat","background-position":"center center","background-size":"auto","background-attachment":"scroll","background-type":"","background-media":"","overlay-type":"","overlay-color":"","overlay-opacity":"","overlay-gradient":""},"tablet":{"background-color":"var(--ast-global-color-5)","background-image":"","background-repeat":"repeat","background-position":"center center","background-size":"auto","background-attachment":"scroll","background-type":"","background-media":"","overlay-type":"","overlay-color":"","overlay-opacity":"","overlay-gradient":""},"mobile":{"background-color":"var(--ast-global-color-5)","background-image":"","background-repeat":"repeat","background-position":"center center","background-size":"auto","background-attachment":"scroll","background-type":"","background-media":"","overlay-type":"","overlay-color":"","overlay-opacity":"","overlay-gradient":""}},"footnotes":""},"class_list":["post-27","page","type-page","status-publish","hentry"],"amp_enabled":true,"post_mailing_queue_ids":[],"_links":{"self":[{"href":"https:\/\/mitvorteil.de\/index.php\/wp-json\/wp\/v2\/pages\/27","targetHints":{"allow":["GET"]}}],"collection":[{"href":"https:\/\/mitvorteil.de\/index.php\/wp-json\/wp\/v2\/pages"}],"about":[{"href":"https:\/\/mitvorteil.de\/index.php\/wp-json\/wp\/v2\/types\/page"}],"author":[{"embeddable":true,"href":"https:\/\/mitvorteil.de\/index.php\/wp-json\/wp\/v2\/users\/1"}],"replies":[{"embeddable":true,"href":"https:\/\/mitvorteil.de\/index.php\/wp-json\/wp\/v2\/comments?post=27"}],"version-history":[{"count":0,"href":"https:\/\/mitvorteil.de\/index.php\/wp-json\/wp\/v2\/pages\/27\/revisions"}],"wp:attachment":[{"href":"https:\/\/mitvorteil.de\/index.php\/wp-json\/wp\/v2\/media?parent=27"}],"curies":[{"name":"wp","href":"https:\/\/api.w.org\/{rel}","templated":true}]}}